{"id":31,"date":"2022-11-08T12:35:02","date_gmt":"2022-11-08T11:35:02","guid":{"rendered":"http:\/\/consulsen-bordeaux.gouv.sn\/?page_id=31"},"modified":"2022-11-09T12:49:20","modified_gmt":"2022-11-09T11:49:20","slug":"carte-consulaire","status":"publish","type":"page","link":"https:\/\/consulsen-bordeaux.gouv.sn\/?page_id=31","title":{"rendered":"CARTE CONSULAIRE"},"content":{"rendered":"\n<p><strong>DOCUMENTS \u00c0 FOURNIR<\/strong><\/p>\n\n\n\n<p>\u2013&nbsp; Une pi\u00e8ce d\u2019identit\u00e9 en cours de validit\u00e9 (Passeport ou carte nationale d\u2019identit\u00e9)<\/p>\n\n\n\n<p>\u2013&nbsp; 4 Photos d\u2019identit\u00e9 selon les normes en vigueur<\/p>\n\n\n\n<p>Co\u00fbt&nbsp;:&nbsp;<strong>gratuit<\/strong><\/p>\n\n\n\n<p>Nature de la pi\u00e8ce d\u00e9livr\u00e9e&nbsp;:&nbsp;<strong>une carte consulaire.<\/strong><\/p>\n","protected":false},"excerpt":{"rendered":"<p>DOCUMENTS \u00c0 FOURNIR \u2013&nbsp; Une pi\u00e8ce d\u2019identit\u00e9 en cours de validit\u00e9 (Passeport ou carte nationale d\u2019identit\u00e9) \u2013&nbsp; 4 Photos d\u2019identit\u00e9 selon les normes en vigueur Co\u00fbt&nbsp;:&nbsp;gratuit Nature de la pi\u00e8ce d\u00e9livr\u00e9e&nbsp;:&nbsp;une carte consulaire.<\/p>\n","protected":false},"author":1,"featured_media":0,"parent":0,"menu_order":0,"comment_status":"closed","ping_status":"closed","template":"","meta":{"footnotes":""},"class_list":["post-31","page","type-page","status-publish","hentry"],"_links":{"self":[{"href":"https:\/\/consulsen-bordeaux.gouv.sn\/index.php?rest_route=\/wp\/v2\/pages\/31","targetHints":{"allow":["GET"]}}],"collection":[{"href":"https:\/\/consulsen-bordeaux.gouv.sn\/index.php?rest_route=\/wp\/v2\/pages"}],"about":[{"href":"https:\/\/consulsen-bordeaux.gouv.sn\/index.php?rest_route=\/wp\/v2\/types\/page"}],"author":[{"embeddable":true,"href":"https:\/\/consulsen-bordeaux.gouv.sn\/index.php?rest_route=\/wp\/v2\/users\/1"}],"replies":[{"embeddable":true,"href":"https:\/\/consulsen-bordeaux.gouv.sn\/index.php?rest_route=%2Fwp%2Fv2%2Fcomments&post=31"}],"version-history":[{"count":2,"href":"https:\/\/consulsen-bordeaux.gouv.sn\/index.php?rest_route=\/wp\/v2\/pages\/31\/revisions"}],"predecessor-version":[{"id":135,"href":"https:\/\/consulsen-bordeaux.gouv.sn\/index.php?rest_route=\/wp\/v2\/pages\/31\/revisions\/135"}],"wp:attachment":[{"href":"https:\/\/consulsen-bordeaux.gouv.sn\/index.php?rest_route=%2Fwp%2Fv2%2Fmedia&parent=31"}],"curies":[{"name":"wp","href":"https:\/\/api.w.org\/{rel}","templated":true}]}}