{"id":41,"date":"2022-11-08T13:00:50","date_gmt":"2022-11-08T12:00:50","guid":{"rendered":"http:\/\/consulsen-bordeaux.gouv.sn\/?page_id=41"},"modified":"2022-11-09T12:51:28","modified_gmt":"2022-11-09T11:51:28","slug":"certificat-de-demenagement","status":"publish","type":"page","link":"https:\/\/consulsen-bordeaux.gouv.sn\/?page_id=41","title":{"rendered":"CERTIFICAT DE D\u00c9M\u00c9NAGEMENT"},"content":{"rendered":"\n<p><strong>DOCUMENT \u00c0 FOURNIR<\/strong><\/p>\n\n\n\n<ul class=\"wp-block-list\">\n<li>La liste des bagages \u00e0 d\u00e9m\u00e9nager en deux exemplaires<\/li>\n\n\n\n<li>Original de la carte consulaire datant de plus de 6 mois \u00e0 compter de la date d\u2019\u00e9tablissement<\/li>\n\n\n\n<li>Billet ou r\u00e9servation pour le retour d\u00e9finitif au S\u00e9n\u00e9gal<\/li>\n<\/ul>\n\n\n\n<p>Nature de la pi\u00e8ce d\u00e9livr\u00e9e&nbsp;: Un Certificat de d\u00e9m\u00e9nagement<\/p>\n","protected":false},"excerpt":{"rendered":"<p>DOCUMENT \u00c0 FOURNIR Nature de la pi\u00e8ce d\u00e9livr\u00e9e&nbsp;: Un Certificat de d\u00e9m\u00e9nagement<\/p>\n","protected":false},"author":1,"featured_media":0,"parent":0,"menu_order":0,"comment_status":"closed","ping_status":"closed","template":"","meta":{"footnotes":""},"class_list":["post-41","page","type-page","status-publish","hentry"],"_links":{"self":[{"href":"https:\/\/consulsen-bordeaux.gouv.sn\/index.php?rest_route=\/wp\/v2\/pages\/41","targetHints":{"allow":["GET"]}}],"collection":[{"href":"https:\/\/consulsen-bordeaux.gouv.sn\/index.php?rest_route=\/wp\/v2\/pages"}],"about":[{"href":"https:\/\/consulsen-bordeaux.gouv.sn\/index.php?rest_route=\/wp\/v2\/types\/page"}],"author":[{"embeddable":true,"href":"https:\/\/consulsen-bordeaux.gouv.sn\/index.php?rest_route=\/wp\/v2\/users\/1"}],"replies":[{"embeddable":true,"href":"https:\/\/consulsen-bordeaux.gouv.sn\/index.php?rest_route=%2Fwp%2Fv2%2Fcomments&post=41"}],"version-history":[{"count":2,"href":"https:\/\/consulsen-bordeaux.gouv.sn\/index.php?rest_route=\/wp\/v2\/pages\/41\/revisions"}],"predecessor-version":[{"id":137,"href":"https:\/\/consulsen-bordeaux.gouv.sn\/index.php?rest_route=\/wp\/v2\/pages\/41\/revisions\/137"}],"wp:attachment":[{"href":"https:\/\/consulsen-bordeaux.gouv.sn\/index.php?rest_route=%2Fwp%2Fv2%2Fmedia&parent=41"}],"curies":[{"name":"wp","href":"https:\/\/api.w.org\/{rel}","templated":true}]}}