{"id":50,"date":"2022-11-08T13:03:46","date_gmt":"2022-11-08T12:03:46","guid":{"rendered":"http:\/\/consulsen-bordeaux.gouv.sn\/?page_id=50"},"modified":"2022-11-09T14:55:13","modified_gmt":"2022-11-09T13:55:13","slug":"attestation-pour-souscrire-un-pacte-civil-de-solidarite","status":"publish","type":"page","link":"https:\/\/consulsen-bordeaux.gouv.sn\/?page_id=50","title":{"rendered":"ATTESTATION POUR SOUSCRIRE UN PACTE CIVIL DE SOLIDARIT\u00c9"},"content":{"rendered":"\n<p><strong>DOCUMENTS \u00c0 FOURNIR<\/strong><\/p>\n\n\n\n<ul class=\"wp-block-list\">\n<li>Courrier adress\u00e9 au Consul g\u00e9n\u00e9ral pour d\u00e9livrance d\u2019un certificat de coutume pour le PACS,<\/li>\n\n\n\n<li>Copie de l\u2019acte de naissance,<\/li>\n\n\n\n<li>Copie du certificat de c\u00e9libat d\u00e9livr\u00e9 par la Mairie de naissance,<\/li>\n\n\n\n<li>Carte d\u2019identit\u00e9 s\u00e9n\u00e9galaise (ou Passeport) en cours de validit\u00e9 et<\/li>\n\n\n\n<li>Une enveloppe timbr\u00e9e portant l\u2019adresse du requ\u00e9rant.<\/li>\n<\/ul>\n","protected":false},"excerpt":{"rendered":"<p>DOCUMENTS \u00c0 FOURNIR<\/p>\n","protected":false},"author":1,"featured_media":0,"parent":0,"menu_order":0,"comment_status":"closed","ping_status":"closed","template":"","meta":{"footnotes":""},"class_list":["post-50","page","type-page","status-publish","hentry"],"_links":{"self":[{"href":"https:\/\/consulsen-bordeaux.gouv.sn\/index.php?rest_route=\/wp\/v2\/pages\/50","targetHints":{"allow":["GET"]}}],"collection":[{"href":"https:\/\/consulsen-bordeaux.gouv.sn\/index.php?rest_route=\/wp\/v2\/pages"}],"about":[{"href":"https:\/\/consulsen-bordeaux.gouv.sn\/index.php?rest_route=\/wp\/v2\/types\/page"}],"author":[{"embeddable":true,"href":"https:\/\/consulsen-bordeaux.gouv.sn\/index.php?rest_route=\/wp\/v2\/users\/1"}],"replies":[{"embeddable":true,"href":"https:\/\/consulsen-bordeaux.gouv.sn\/index.php?rest_route=%2Fwp%2Fv2%2Fcomments&post=50"}],"version-history":[{"count":2,"href":"https:\/\/consulsen-bordeaux.gouv.sn\/index.php?rest_route=\/wp\/v2\/pages\/50\/revisions"}],"predecessor-version":[{"id":142,"href":"https:\/\/consulsen-bordeaux.gouv.sn\/index.php?rest_route=\/wp\/v2\/pages\/50\/revisions\/142"}],"wp:attachment":[{"href":"https:\/\/consulsen-bordeaux.gouv.sn\/index.php?rest_route=%2Fwp%2Fv2%2Fmedia&parent=50"}],"curies":[{"name":"wp","href":"https:\/\/api.w.org\/{rel}","templated":true}]}}