{"id":56,"date":"2022-11-08T13:51:41","date_gmt":"2022-11-08T12:51:41","guid":{"rendered":"http:\/\/consulsen-bordeaux.gouv.sn\/?page_id=56"},"modified":"2022-11-09T14:57:41","modified_gmt":"2022-11-09T13:57:41","slug":"demande-de-visa","status":"publish","type":"page","link":"https:\/\/consulsen-bordeaux.gouv.sn\/?page_id=56","title":{"rendered":"DEMANDE DE VISA"},"content":{"rendered":"\n<blockquote class=\"wp-block-quote is-layout-flow wp-block-quote-is-layout-flow\">\n<p>Depuis le 01 mai 2015, les modalit\u00e9s du visa d\u2019entr\u00e9e au S\u00e9n\u00e9gal ont chang\u00e9.<\/p>\n<\/blockquote>\n\n\n\n<p><strong>Si vous \u00eates ressortissant d\u2019un pays cit\u00e9s plus bas,pour un s\u00e9jour de moins de 3 mois, vous n\u2019avez pas besoin de visa, il faut cependant disposer d\u2019un passeport ou d\u2019un laisser passer d\u00e9livr\u00e9 par ce pays (ces documents doivent avoir une validit\u00e9 de 6 mois minimum).<br><\/strong><br><strong>Pays africains&nbsp;:<\/strong><br>B\u00e9nin, Burkina Faso, Cap-vert, Congo (Brazzaville), C\u00f4te d\u2019Ivoire, Gambie, Ghana, Guin\u00e9e-Bissau, Guin\u00e9e Conakry, Kenya, Lib\u00e9ria, Mali, Maroc, Mauritanie, Niger, Nig\u00e9ria, R\u00e9publique Centrafricaine, Sierra Leone, Togo et Tunisie.<\/p>\n\n\n\n<p><strong>Pays Europ\u00e9ens&nbsp;:<\/strong><br>France, Allemagne, Autriche, Belgique, Bulgarie, Chypre, Croatie, Danemark, Espagne, Estonie, Finlande, Gr\u00e8ce, Hongrie, Italie, Lettonie, Lituanie, Luxembourg, Malte, Pays-Bas, Pologne, Portugal, R\u00e9publique Tch\u00e8que, Roumanie, Royaume Uni, Slovaquie, Slov\u00e9nie, et Su\u00e8de.<\/p>\n\n\n\n<p><strong>Autres pays&nbsp;:<\/strong><br>Br\u00e9sil, Canada, Chine, Cor\u00e9e du Sud, Djibouti, Emirats arabes unis, Etats-Unis d\u2019Am\u00e9rique, Ile Maurice, Inde, Japon, Malaisie, Singapour.<br>Si vous \u00eates ressortissant d\u2019un pays qui n\u2019est pas mentionn\u00e9 ci-dessus, vous avez besoin de Visa pour entrer sur le territoire S\u00e9n\u00e9galais. Les personnes disposant d\u2019un titre de voyage pour r\u00e9fugi\u00e9 ont \u00e9galement besoin de visa.<\/p>\n\n\n\n<h4 class=\"wp-block-heading\">Comment effectuer votre demande de visa&nbsp;:<\/h4>\n\n\n\n<p>1- T\u00e9l\u00e9charger et remplir le formulaire ci joint<br>2- Se pr\u00e9senter au consulat munis des documents suivants&nbsp;:<br><img loading=\"lazy\" decoding=\"async\" width=\"8\" height=\"11\" src=\"https:\/\/www.consulsen-paris.com\/local\/cache-vignettes\/L8xH11\/puce-32883.gif?1658843508\" alt=\"-\">&nbsp;Le passeport (validit\u00e9 de 6 mois minimum) plus la copie la premi\u00e8re page (celle avec la photo)<br><strong>D\u2019autres documents peuvent vous \u00eatre r\u00e9clam\u00e9s selon votre cas.<\/strong><\/p>\n\n\n\n<p><strong>Merci de vous rapprocher du Consulat avant de vous d\u00e9placer.<\/strong><br><strong>Le visa est d\u00e9livr\u00e9 au Consulat (les d\u00e9lais de traitements peuvent varier)<\/strong><br>Il est important de vous renseigner aupr\u00e8s de nos services concernant les d\u00e9lais de traitement avant d\u2019acheter votre billet.<\/p>\n","protected":false},"excerpt":{"rendered":"<p>Depuis le 01 mai 2015, les modalit\u00e9s du visa d\u2019entr\u00e9e au S\u00e9n\u00e9gal ont chang\u00e9. Si vous \u00eates ressortissant d\u2019un pays cit\u00e9s plus bas,pour un s\u00e9jour de moins de 3 mois, vous n\u2019avez pas besoin&#46;&#46;&#46;<\/p>\n","protected":false},"author":1,"featured_media":0,"parent":0,"menu_order":0,"comment_status":"closed","ping_status":"closed","template":"","meta":{"footnotes":""},"class_list":["post-56","page","type-page","status-publish","hentry"],"_links":{"self":[{"href":"https:\/\/consulsen-bordeaux.gouv.sn\/index.php?rest_route=\/wp\/v2\/pages\/56","targetHints":{"allow":["GET"]}}],"collection":[{"href":"https:\/\/consulsen-bordeaux.gouv.sn\/index.php?rest_route=\/wp\/v2\/pages"}],"about":[{"href":"https:\/\/consulsen-bordeaux.gouv.sn\/index.php?rest_route=\/wp\/v2\/types\/page"}],"author":[{"embeddable":true,"href":"https:\/\/consulsen-bordeaux.gouv.sn\/index.php?rest_route=\/wp\/v2\/users\/1"}],"replies":[{"embeddable":true,"href":"https:\/\/consulsen-bordeaux.gouv.sn\/index.php?rest_route=%2Fwp%2Fv2%2Fcomments&post=56"}],"version-history":[{"count":2,"href":"https:\/\/consulsen-bordeaux.gouv.sn\/index.php?rest_route=\/wp\/v2\/pages\/56\/revisions"}],"predecessor-version":[{"id":143,"href":"https:\/\/consulsen-bordeaux.gouv.sn\/index.php?rest_route=\/wp\/v2\/pages\/56\/revisions\/143"}],"wp:attachment":[{"href":"https:\/\/consulsen-bordeaux.gouv.sn\/index.php?rest_route=%2Fwp%2Fv2%2Fmedia&parent=56"}],"curies":[{"name":"wp","href":"https:\/\/api.w.org\/{rel}","templated":true}]}}